{"id":106,"date":"2011-10-01T21:54:07","date_gmt":"2011-10-01T21:54:07","guid":{"rendered":"http:\/\/www.astimegoesby.de\/?page_id=106"},"modified":"2021-04-27T14:30:37","modified_gmt":"2021-04-27T13:30:37","slug":"presse","status":"publish","type":"page","link":"https:\/\/www.astimegoesby.de\/?page_id=106","title":{"rendered":"Presse"},"content":{"rendered":"<h4>Musik f\u00fcr ihre standesamtliche Trauung<\/h4>\n<p>Den Bund f\u00fcrs Leben zu schlie\u00dfen ist einer der ganz gro\u00dfen Momente im Leben. Wenn sie ihrer Trauung auf dem Standesamt durch Musik einen festlicheren Rahmen geben wollen, sind wir ihre Ansprechpartner!<\/p>\n<p>Thomas Breitsameter (Violine) und Janusz Myschur (Akkordeon) umrahmen ihre standesamtliche Trauung musikalisch, entweder im klassischen Stil mit der &#8222;Air&#8220; aus der Orchestersuite in D-Dur von J.S. Bach, dem &#8222;Brautlied&#8220; aus Lohengrin von Richard Wagner, dem &#8222;Hochzeitsmarsch&#8220; aus dem Sommernachtstraum von Felix Mendelssohn-Bartholdy, mit beschwingt modernen und beliebten Standards, wie &#8222;Chanson d&#8217;amour&#8220; von Wayne Shankin, &#8222;La vie en rose&#8220; von Louis Guglielmi, &#8222;Amor, Amor, Amor&#8220; von Gabriel Ruiz oder &#8222;Sous le ciel de Paris&#8220; von Giraud Hubert.<\/p>\n<h5>Anzahl der Musikst\u00fccke<\/h5>\n<p>\u00dcblich sind 3 bis 4 Musikst\u00fccke. Die Auswahl der St\u00fccke und wann sie im Ablauf der Verm\u00e4hlung gespielt werden, kommt ganz auf die Gestaltung der Hochzeitszeremonie und die eigenen Vorstellungen bei der Planung der Trauung an. Gerne liefern wir auch den musikalischen Hintergrund f\u00fcr einen an die standesamtliche Trauung anschlie\u00dfenden Stehempfang.<\/p>\n<p>Falls wir ihr Interesse geweckt haben, dann schreiben sie uns eine Nachricht und nutzen sie das <a href=\"http:\/\/www.astimegoesby.de\/?page_id=20\">Kontaktformular<\/a> unserer Homepage oder nehmen sie <a href=\"http:\/\/www.astimegoesby.de\/?page_id=20\">telefonisch<\/a> Kontakt mit uns auf; gerne unterbreiten wir ihnen ein auf ihre individuellen W\u00fcnsche zugeschnittenes Angebot.<\/p>\nngg_shortcode_0_placeholder\n<h4>22.10.2009 &#8211; Musikalische Weinlese<\/h4>\n<p>Gertraud Munt, Inge Geith und das Duo &#8222;Astimegoesby&#8220; pr\u00e4sentieren g\u2019schmackige Weine, Texte und Musik<\/p>\n<p>Ein musikalisches, literarisches und \u00f6nologisches Panoptikum pr\u00e4sentieren die Musiker Thomas Breitsameter (Violine) und Janusz Myschur (Akkordeon) zusammen mit Buchh\u00e4ndlerin Gertraud Munt und Weinh\u00e4ndlerin Inge Geith am Mittwoch, 11.11., um 20 Uhr in der Stadtbibliothek.<\/p>\n<p>Das Repertoire des Duos \u201eAs time goes by &#8230;\u201c umfasst Tangos, Walzer, Filmmelodien und Evergreens \u2013 der ausgebildete Musiker Breitsameter wird auch seine nach Grammophon klingende Stroh-Geige f\u00fcr den Abend bem\u00fchen, die nicht nach dem Lagermaterial f\u00fcr Vieh benannt ist, sondern nach ihrem Entwickler, Johann Stroh. Die fl\u00fcssige Unterlage in Form mehrerer spanischer Rotweine liefert Inge Geith von der Wein- und K\u00e4sehandlung Geith und f\u00fcr die Gehirnzellen sorgt Getraud Munt mit literarischen Texten, die im weitesten Sinn von Wein, dessen Genuss und dessen Folgen handeln.<\/p>\nngg_shortcode_1_placeholder\n","protected":false},"excerpt":{"rendered":"<p>Musik f\u00fcr ihre standesamtliche Trauung Den Bund f\u00fcrs Leben zu schlie\u00dfen ist einer der ganz gro\u00dfen Momente im Leben. Wenn sie ihrer Trauung auf dem Standesamt durch Musik einen festlicheren Rahmen geben wollen, sind wir ihre Ansprechpartner! Thomas Breitsameter (Violine) und Janusz Myschur (Akkordeon) umrahmen ihre standesamtliche Trauung musikalisch, entweder im klassischen Stil mit der &#8222;Air&#8220; aus der Orchestersuite in D-Dur von J.S. Bach, dem &#8222;Brautlied&#8220; aus Lohengrin von Richard Wagner, dem &#8222;Hochzeitsmarsch&#8220; aus dem Sommernachtstraum von Felix Mendelssohn-Bartholdy, mit beschwingt modernen und beliebten Standards, wie &#8222;Chanson d&#8217;amour&#8220; von Wayne Shankin, &#8222;La vie en rose&#8220; von Louis Guglielmi, &#8222;Amor, Amor, Amor&#8220; von Gabriel Ruiz oder &#8222;Sous le ciel de Paris&#8220; von Giraud Hubert. Anzahl der Musikst\u00fccke \u00dcblich sind 3 bis 4 Musikst\u00fccke. Die Auswahl der St\u00fccke und wann sie im Ablauf der Verm\u00e4hlung gespielt werden, kommt ganz auf die Gestaltung der Hochzeitszeremonie und die eigenen Vorstellungen bei der Planung der Trauung an. Gerne liefern wir auch den musikalischen Hintergrund f\u00fcr einen an die standesamtliche Trauung anschlie\u00dfenden Stehempfang. Falls wir ihr Interesse geweckt haben, dann schreiben sie uns eine Nachricht und nutzen sie das Kontaktformular unserer Homepage oder nehmen sie telefonisch Kontakt mit uns auf; gerne unterbreiten wir ihnen ein auf ihre individuellen W\u00fcnsche zugeschnittenes Angebot. 22.10.2009 &#8211; Musikalische Weinlese Gertraud Munt, Inge Geith und das Duo &#8222;Astimegoesby&#8220; pr\u00e4sentieren g\u2019schmackige Weine, Texte und Musik Ein musikalisches, literarisches und \u00f6nologisches Panoptikum pr\u00e4sentieren die Musiker Thomas Breitsameter (Violine) und Janusz Myschur (Akkordeon) zusammen mit Buchh\u00e4ndlerin Gertraud Munt und Weinh\u00e4ndlerin Inge Geith am Mittwoch, 11.11., um 20 Uhr in der Stadtbibliothek. Das Repertoire des Duos \u201eAs time goes by &#8230;\u201c umfasst Tangos, Walzer, Filmmelodien und Evergreens \u2013 der ausgebildete Musiker Breitsameter wird auch seine nach Grammophon klingende Stroh-Geige f\u00fcr den Abend bem\u00fchen, die nicht nach dem Lagermaterial f\u00fcr Vieh benannt ist, sondern nach ihrem Entwickler, Johann Stroh. Die fl\u00fcssige Unterlage in Form mehrerer spanischer Rotweine liefert Inge Geith von der Wein- und K\u00e4sehandlung Geith und f\u00fcr die Gehirnzellen sorgt Getraud Munt mit literarischen Texten, die im weitesten Sinn von Wein, dessen Genuss und dessen Folgen handeln.<\/p>\n","protected":false},"author":10,"featured_media":0,"parent":0,"menu_order":90,"comment_status":"closed","ping_status":"closed","template":"","meta":{"ngg_post_thumbnail":0,"_price":"","_stock":"","_tribe_ticket_header":"","_tribe_default_ticket_provider":"","_ticket_start_date":"","_ticket_end_date":"","_tribe_ticket_show_description":"","_tribe_ticket_show_not_going":false,"_tribe_ticket_use_global_stock":"","_tribe_ticket_global_stock_level":"","_global_stock_mode":"","_global_stock_cap":"","_tribe_rsvp_for_event":"","_tribe_ticket_going_count":"","_tribe_ticket_not_going_count":"","_tribe_tickets_list":"[]","_tribe_ticket_has_attendee_info_fields":false,"_EventAllDay":false,"_EventTimezone":"","_EventStartDate":"","_EventEndDate":"","_EventStartDateUTC":"","_EventEndDateUTC":"","_EventShowMap":false,"_EventShowMapLink":false,"_EventURL":"","_EventCost":"","_EventCostDescription":"","_EventCurrencySymbol":"","_EventCurrencyCode":"","_EventCurrencyPosition":"","_EventDateTimeSeparator":"","_EventTimeRangeSeparator":"","_EventOrganizerID":[],"_EventVenueID":[],"_OrganizerEmail":"","_OrganizerPhone":"","_OrganizerWebsite":"","_VenueAddress":"","_VenueCity":"","_VenueCountry":"","_VenueProvince":"","_VenueState":"","_VenueZip":"","_VenuePhone":"","_VenueURL":"","_VenueStateProvince":"","_VenueLat":"","_VenueLng":"","_VenueShowMap":false,"_VenueShowMapLink":false,"footnotes":"","_tec_slr_enabled":"","_tec_slr_layout":""},"class_list":["post-106","page","type-page","status-publish","hentry"],"yoast_head":"<!-- This site is optimized with the Yoast SEO plugin v26.6 - https:\/\/yoast.com\/wordpress\/plugins\/seo\/ -->\n<title>Presse - As time goes by<\/title>\n<meta name=\"robots\" content=\"index, follow, max-snippet:-1, max-image-preview:large, max-video-preview:-1\" \/>\n<link rel=\"canonical\" href=\"https:\/\/www.astimegoesby.de\/?page_id=106\" \/>\n<meta property=\"og:locale\" content=\"de_DE\" \/>\n<meta property=\"og:type\" content=\"article\" \/>\n<meta property=\"og:title\" content=\"Presse - As time goes by\" \/>\n<meta property=\"og:description\" content=\"Musik f\u00fcr ihre standesamtliche Trauung Den Bund f\u00fcrs Leben zu schlie\u00dfen ist einer der ganz gro\u00dfen Momente im Leben. Wenn sie ihrer Trauung auf dem Standesamt durch Musik einen festlicheren Rahmen geben wollen, sind wir ihre Ansprechpartner! Thomas Breitsameter (Violine) und Janusz Myschur (Akkordeon) umrahmen ihre standesamtliche Trauung musikalisch, entweder im klassischen Stil mit der &#8222;Air&#8220; aus der Orchestersuite in D-Dur von J.S. Bach, dem &#8222;Brautlied&#8220; aus Lohengrin von Richard Wagner, dem &#8222;Hochzeitsmarsch&#8220; aus dem Sommernachtstraum von Felix Mendelssohn-Bartholdy, mit beschwingt modernen und beliebten Standards, wie &#8222;Chanson d&#8217;amour&#8220; von Wayne Shankin, &#8222;La vie en rose&#8220; von Louis Guglielmi, &#8222;Amor, Amor, Amor&#8220; von Gabriel Ruiz oder &#8222;Sous le ciel de Paris&#8220; von Giraud Hubert. Anzahl der Musikst\u00fccke \u00dcblich sind 3 bis 4 Musikst\u00fccke. Die Auswahl der St\u00fccke und wann sie im Ablauf der Verm\u00e4hlung gespielt werden, kommt ganz auf die Gestaltung der Hochzeitszeremonie und die eigenen Vorstellungen bei der Planung der Trauung an. Gerne liefern wir auch den musikalischen Hintergrund f\u00fcr einen an die standesamtliche Trauung anschlie\u00dfenden Stehempfang. Falls wir ihr Interesse geweckt haben, dann schreiben sie uns eine Nachricht und nutzen sie das Kontaktformular unserer Homepage oder nehmen sie telefonisch Kontakt mit uns auf; gerne unterbreiten wir ihnen ein auf ihre individuellen W\u00fcnsche zugeschnittenes Angebot. 22.10.2009 &#8211; Musikalische Weinlese Gertraud Munt, Inge Geith und das Duo &#8222;Astimegoesby&#8220; pr\u00e4sentieren g\u2019schmackige Weine, Texte und Musik Ein musikalisches, literarisches und \u00f6nologisches Panoptikum pr\u00e4sentieren die Musiker Thomas Breitsameter (Violine) und Janusz Myschur (Akkordeon) zusammen mit Buchh\u00e4ndlerin Gertraud Munt und Weinh\u00e4ndlerin Inge Geith am Mittwoch, 11.11., um 20 Uhr in der Stadtbibliothek. Das Repertoire des Duos \u201eAs time goes by &#8230;\u201c umfasst Tangos, Walzer, Filmmelodien und Evergreens \u2013 der ausgebildete Musiker Breitsameter wird auch seine nach Grammophon klingende Stroh-Geige f\u00fcr den Abend bem\u00fchen, die nicht nach dem Lagermaterial f\u00fcr Vieh benannt ist, sondern nach ihrem Entwickler, Johann Stroh. Die fl\u00fcssige Unterlage in Form mehrerer spanischer Rotweine liefert Inge Geith von der Wein- und K\u00e4sehandlung Geith und f\u00fcr die Gehirnzellen sorgt Getraud Munt mit literarischen Texten, die im weitesten Sinn von Wein, dessen Genuss und dessen Folgen handeln.\" \/>\n<meta property=\"og:url\" content=\"https:\/\/www.astimegoesby.de\/?page_id=106\" \/>\n<meta property=\"og:site_name\" content=\"As time goes by\" \/>\n<meta property=\"article:modified_time\" content=\"2021-04-27T13:30:37+00:00\" \/>\n<meta name=\"twitter:card\" content=\"summary_large_image\" \/>\n<meta name=\"twitter:label1\" content=\"Gesch\u00e4tzte Lesezeit\" \/>\n\t<meta name=\"twitter:data1\" content=\"2\u00a0Minuten\" \/>\n<script type=\"application\/ld+json\" class=\"yoast-schema-graph\">{\"@context\":\"https:\/\/schema.org\",\"@graph\":[{\"@type\":\"WebPage\",\"@id\":\"https:\/\/www.astimegoesby.de\/?page_id=106\",\"url\":\"https:\/\/www.astimegoesby.de\/?page_id=106\",\"name\":\"Presse - As time goes by\",\"isPartOf\":{\"@id\":\"https:\/\/www.astimegoesby.de\/#website\"},\"datePublished\":\"2011-10-01T21:54:07+00:00\",\"dateModified\":\"2021-04-27T13:30:37+00:00\",\"breadcrumb\":{\"@id\":\"https:\/\/www.astimegoesby.de\/?page_id=106#breadcrumb\"},\"inLanguage\":\"de\",\"potentialAction\":[{\"@type\":\"ReadAction\",\"target\":[\"https:\/\/www.astimegoesby.de\/?page_id=106\"]}]},{\"@type\":\"BreadcrumbList\",\"@id\":\"https:\/\/www.astimegoesby.de\/?page_id=106#breadcrumb\",\"itemListElement\":[{\"@type\":\"ListItem\",\"position\":1,\"name\":\"Startseite\",\"item\":\"https:\/\/www.astimegoesby.de\/\"},{\"@type\":\"ListItem\",\"position\":2,\"name\":\"Presse\"}]},{\"@type\":\"WebSite\",\"@id\":\"https:\/\/www.astimegoesby.de\/#website\",\"url\":\"https:\/\/www.astimegoesby.de\/\",\"name\":\"As time goes by\",\"description\":\"Thomas Breitsameter - Janusz Myschur\",\"potentialAction\":[{\"@type\":\"SearchAction\",\"target\":{\"@type\":\"EntryPoint\",\"urlTemplate\":\"https:\/\/www.astimegoesby.de\/?s={search_term_string}\"},\"query-input\":{\"@type\":\"PropertyValueSpecification\",\"valueRequired\":true,\"valueName\":\"search_term_string\"}}],\"inLanguage\":\"de\"}]}<\/script>\n<!-- \/ Yoast SEO plugin. -->","yoast_head_json":{"title":"Presse - As time goes by","robots":{"index":"index","follow":"follow","max-snippet":"max-snippet:-1","max-image-preview":"max-image-preview:large","max-video-preview":"max-video-preview:-1"},"canonical":"https:\/\/www.astimegoesby.de\/?page_id=106","og_locale":"de_DE","og_type":"article","og_title":"Presse - As time goes by","og_description":"Musik f\u00fcr ihre standesamtliche Trauung Den Bund f\u00fcrs Leben zu schlie\u00dfen ist einer der ganz gro\u00dfen Momente im Leben. Wenn sie ihrer Trauung auf dem Standesamt durch Musik einen festlicheren Rahmen geben wollen, sind wir ihre Ansprechpartner! Thomas Breitsameter (Violine) und Janusz Myschur (Akkordeon) umrahmen ihre standesamtliche Trauung musikalisch, entweder im klassischen Stil mit der &#8222;Air&#8220; aus der Orchestersuite in D-Dur von J.S. Bach, dem &#8222;Brautlied&#8220; aus Lohengrin von Richard Wagner, dem &#8222;Hochzeitsmarsch&#8220; aus dem Sommernachtstraum von Felix Mendelssohn-Bartholdy, mit beschwingt modernen und beliebten Standards, wie &#8222;Chanson d&#8217;amour&#8220; von Wayne Shankin, &#8222;La vie en rose&#8220; von Louis Guglielmi, &#8222;Amor, Amor, Amor&#8220; von Gabriel Ruiz oder &#8222;Sous le ciel de Paris&#8220; von Giraud Hubert. Anzahl der Musikst\u00fccke \u00dcblich sind 3 bis 4 Musikst\u00fccke. Die Auswahl der St\u00fccke und wann sie im Ablauf der Verm\u00e4hlung gespielt werden, kommt ganz auf die Gestaltung der Hochzeitszeremonie und die eigenen Vorstellungen bei der Planung der Trauung an. Gerne liefern wir auch den musikalischen Hintergrund f\u00fcr einen an die standesamtliche Trauung anschlie\u00dfenden Stehempfang. Falls wir ihr Interesse geweckt haben, dann schreiben sie uns eine Nachricht und nutzen sie das Kontaktformular unserer Homepage oder nehmen sie telefonisch Kontakt mit uns auf; gerne unterbreiten wir ihnen ein auf ihre individuellen W\u00fcnsche zugeschnittenes Angebot. 22.10.2009 &#8211; Musikalische Weinlese Gertraud Munt, Inge Geith und das Duo &#8222;Astimegoesby&#8220; pr\u00e4sentieren g\u2019schmackige Weine, Texte und Musik Ein musikalisches, literarisches und \u00f6nologisches Panoptikum pr\u00e4sentieren die Musiker Thomas Breitsameter (Violine) und Janusz Myschur (Akkordeon) zusammen mit Buchh\u00e4ndlerin Gertraud Munt und Weinh\u00e4ndlerin Inge Geith am Mittwoch, 11.11., um 20 Uhr in der Stadtbibliothek. Das Repertoire des Duos \u201eAs time goes by &#8230;\u201c umfasst Tangos, Walzer, Filmmelodien und Evergreens \u2013 der ausgebildete Musiker Breitsameter wird auch seine nach Grammophon klingende Stroh-Geige f\u00fcr den Abend bem\u00fchen, die nicht nach dem Lagermaterial f\u00fcr Vieh benannt ist, sondern nach ihrem Entwickler, Johann Stroh. Die fl\u00fcssige Unterlage in Form mehrerer spanischer Rotweine liefert Inge Geith von der Wein- und K\u00e4sehandlung Geith und f\u00fcr die Gehirnzellen sorgt Getraud Munt mit literarischen Texten, die im weitesten Sinn von Wein, dessen Genuss und dessen Folgen handeln.","og_url":"https:\/\/www.astimegoesby.de\/?page_id=106","og_site_name":"As time goes by","article_modified_time":"2021-04-27T13:30:37+00:00","twitter_card":"summary_large_image","twitter_misc":{"Gesch\u00e4tzte Lesezeit":"2\u00a0Minuten"},"schema":{"@context":"https:\/\/schema.org","@graph":[{"@type":"WebPage","@id":"https:\/\/www.astimegoesby.de\/?page_id=106","url":"https:\/\/www.astimegoesby.de\/?page_id=106","name":"Presse - As time goes by","isPartOf":{"@id":"https:\/\/www.astimegoesby.de\/#website"},"datePublished":"2011-10-01T21:54:07+00:00","dateModified":"2021-04-27T13:30:37+00:00","breadcrumb":{"@id":"https:\/\/www.astimegoesby.de\/?page_id=106#breadcrumb"},"inLanguage":"de","potentialAction":[{"@type":"ReadAction","target":["https:\/\/www.astimegoesby.de\/?page_id=106"]}]},{"@type":"BreadcrumbList","@id":"https:\/\/www.astimegoesby.de\/?page_id=106#breadcrumb","itemListElement":[{"@type":"ListItem","position":1,"name":"Startseite","item":"https:\/\/www.astimegoesby.de\/"},{"@type":"ListItem","position":2,"name":"Presse"}]},{"@type":"WebSite","@id":"https:\/\/www.astimegoesby.de\/#website","url":"https:\/\/www.astimegoesby.de\/","name":"As time goes by","description":"Thomas Breitsameter - Janusz Myschur","potentialAction":[{"@type":"SearchAction","target":{"@type":"EntryPoint","urlTemplate":"https:\/\/www.astimegoesby.de\/?s={search_term_string}"},"query-input":{"@type":"PropertyValueSpecification","valueRequired":true,"valueName":"search_term_string"}}],"inLanguage":"de"}]}},"ticketed":false,"_links":{"self":[{"href":"https:\/\/www.astimegoesby.de\/index.php?rest_route=\/wp\/v2\/pages\/106","targetHints":{"allow":["GET"]}}],"collection":[{"href":"https:\/\/www.astimegoesby.de\/index.php?rest_route=\/wp\/v2\/pages"}],"about":[{"href":"https:\/\/www.astimegoesby.de\/index.php?rest_route=\/wp\/v2\/types\/page"}],"author":[{"embeddable":true,"href":"https:\/\/www.astimegoesby.de\/index.php?rest_route=\/wp\/v2\/users\/10"}],"replies":[{"embeddable":true,"href":"https:\/\/www.astimegoesby.de\/index.php?rest_route=%2Fwp%2Fv2%2Fcomments&post=106"}],"version-history":[{"count":12,"href":"https:\/\/www.astimegoesby.de\/index.php?rest_route=\/wp\/v2\/pages\/106\/revisions"}],"predecessor-version":[{"id":770,"href":"https:\/\/www.astimegoesby.de\/index.php?rest_route=\/wp\/v2\/pages\/106\/revisions\/770"}],"wp:attachment":[{"href":"https:\/\/www.astimegoesby.de\/index.php?rest_route=%2Fwp%2Fv2%2Fmedia&parent=106"}],"curies":[{"name":"wp","href":"https:\/\/api.w.org\/{rel}","templated":true}]}}